s the greatest common factor of 630 and 4830?
210
Calculate the greatest common factor of 136 and 16.
8
What is the highest common factor of 1170 and 351?
117
What is the highest common factor of 126 and 182?
14
What is the greatest common divisor of 198 and 45?
9
What is the greatest common factor of 113 and 5989?
113
What is the highest common divisor of 36 and 588?
12
What is the highest common divisor of 66 and 231?
33
Calculate the highest common factor of 600 and 1650.
150
What is the highest common divisor of 62 and 1178?
62
What is the greatest common factor of 5 and 109?
1
What is the greatest common divisor of 3256 and 370?
74
What is the greatest common divisor of 38306 and 428?
214
Calculate the highest common divisor of 6750 and 50.
50
What is the greatest common divisor of 7 and 24?
1
What is the highest common divisor of 136 and 200?
8
Calculate the greatest common factor of 105 and 1827.
21
What is the highest common divisor of 88 and 32?
8
What is the greatest common factor of 311 and 1?
1
What is the highest common divisor of 100 and 90?
10
Calculate the greatest common divisor of 930 and 60.
30
Calculate the greatest common divisor of 16 and 3112.
8
Calculate the highest common factor of 11 and 341.
11
Calculate the highest common factor of 171 and 399.
57
What is the highest common factor of 50 and 166?
2
Calculate the greatest common divisor of 3936 and 324.
12
What is the greatest common factor of 153 and 2312?
17
Calculate the highest common factor of 30 and 660.
30
Calculate the greatest common factor of 275 and 175.
25
What is the greatest common divisor of 10 and 610?
10
What is the greatest common divisor of 69 and 115?
23
What is the highest common factor of 63 and 497?
7
Calculate the highest common divisor of 4 and 596.
4
Calculate the greatest common factor of 707 and 7.
7
What is the highest common divisor of 97648 and 272?
272
Calculate the greatest common factor of 6 and 426.
6
What is the greatest common divisor of 10535 and 147?
49
What is the greatest common factor of 675 and 81?
27
Calculate the highest common divisor of 8 and 632.
8
What is the greatest common factor of 56 and 14?
14
Calculate the highest common factor of 2622 and 114.
114
What is the highest common divisor of 535 and 5?
5
Calculate the greatest common factor of 6 and 23586.
6
Calculate the highest common factor of 39 and 1339.
13
Calculate the greatest common factor of 60 and 180.
60
Calculate the greatest common divisor of 9389 and 1145.
229
What is the greatest common divisor of 98 and 16058?
14
Calculate the greatest common factor of 13 and 520.
13
Calculate the highest common factor of 5291 and 429.
143
What is the highest common divisor of 1185 and 316?
79
Calculate the highest common factor of 17 and 7140.
17
What is the highest common factor of 406 and 87?
29
Calculate the greatest common factor of 1120 and 10.
10
What is the highest common divisor of 1 and 475?
1
What is the highest common divisor of 42 and 30?
6
Calculate the highest common divisor of 10 and 24.
2
What is the greatest common divisor of 1076 and 7?
1
Calculate the highest common factor of 50 and 325.
25
Calculate the highest common factor of 153 and 15657.
51
What is the greatest common factor of 697 and 425?
17
Calculate the highest common factor of 5632 and 80.
16
What is the greatest common factor of 10 and 300?
10
What is the greatest common divisor of 7740 and 129?
129
What is the highest common factor of 11 and 77?
11
What is the greatest common factor of 323 and 19?
19
What is the greatest common factor of 110 and 4015?
55
What is the highest common divisor of 374 and 44?
22
Calculate the highest common divisor of 70 and 80.
10
What is the highest common factor of 9 and 54?
9
Calculate the greatest common divisor of 2112 and 231.
33
What is the highest common factor of 122 and 610?
122
Calculate the highest common factor of 143 and 286.
143
Calculate the highest common divisor of 54 and 198.
18
What is the highest common divisor of 809 and 1?
1
Calculate the greatest common factor of 52 and 3484.
52
What is the greatest common divisor of 374 and 51?
17
Calculate the greatest common factor of 6454 and 42.
14
What is the highest common factor of 429 and 2750?
11
Calculate the highest common divisor of 112 and 7.
7
Calculate the greatest common divisor of 92 and 20.
4
What is the greatest common divisor of 4191 and 33?
33
What is the greatest common divisor of 165 and 141?
3
What is the highest common divisor of 7469 and 231?
77
Calculate the highest common divisor of 44 and 638.
22
What is the greatest common factor of 48 and 1428?
12
What is the greatest common factor of 272 and 2516?
68
Calculate the highest common divisor of 468 and 15.
3
Calculate the highest common divisor of 21 and 2933.
7
What is the highest common divisor of 98 and 15533?
49
Calculate the greatest common divisor of 1710 and 152.
38
What is the highest common factor of 1270 and 1143?
127
Calculate the greatest common factor of 9407 and 115.
23
Calculate the highest common factor of 11 and 6710.
11
What is the greatest common factor of 90 and 630?
90
Calculate the greatest common divisor of 3316 and 8.
4
What is the greatest common factor of 117 and 2327?
13
What is the highest common divisor of 2418 and 3666?
78
What is the highest common divisor of 20 and 5?
5
Calculate the greatest common factor of 656 and 2747.
41
Calculate the highest common factor of 77 and 22.
11
Calculate the greatest common factor of 608 and 228.
76
Calculate the greatest common divisor of 2 and 18.
2
Calculate the greatest common factor of 39 and 39.
39
What is the highest common factor of 1308 and 60?
12
What is the greatest common divisor of 33 and 363?
33
Calculate the highest common divisor of 520 and 15.
5
Calculate the highest common divisor of 45 and 40.
5
What is the greatest common factor of 2538 and 94?
94
Calculate the greatest common factor of 6354 and 36.
18
Calculate the greatest common factor of 77700 and 42.
42
Calculate the greatest common divisor of 106 and 4.
2
What is the greatest common factor of 583 and 473?
11
What is the highest common factor of 143 and 33?
11
What is the highest common divisor of 106 and 3392?
106
What is the greatest common factor of 33 and 138?
3
What is the highest common divisor of 22 and 264?
22
Calculate the highest common factor of 22 and 32.
2
Calculate the greatest common factor of 2160 and 880.
80
What is the greatest common factor of 8491 and 7?
7
Calculate the highest common factor of 399 and 9.
3
Calculate the highest common divisor of 40 and 536.
8
Calculate the highest common divisor of 32 and 3168.
32
Calculate the highest common divisor of 6750 and 125.
125
What is the greatest common factor of 35 and 140?
35
Calculate the greatest common factor of 89251 and 149.
149
Calculate the highest common divisor of 7 and 217.
7
Calculate the greatest common factor of 140 and 95.
5
What is the greatest common divisor of 12 and 4656?
12
What is the greatest common divisor of 56 and 504?
56
What is the greatest common factor of 7 and 14?
7
What is the highest common factor of 188 and 4183?
47
What is the highest common factor of 236 and 59?
59
What is the greatest common factor of 9 and 315?
9
Calculate the greatest common factor of 1920 and 60.
60
Calculate the highest common factor of 775 and 31.
31
What is the greatest common factor of 69 and 138?
69
What is the greatest common divisor of 2321 and 176?
11
Calculate the greatest common factor of 443 and 4.
1
What is the greatest common factor of 3 and 21081?
3
What is the highest common divisor of 2128 and 38?
38
Calculate the greatest common divisor of 3 and 3.
3
Calculate the highest common factor of 56 and 3056.
8
Calculate the greatest common divisor of 473 and 11.
11
Calculate the highest common factor of 7865 and 325.
65
Calculate the greatest common divisor of 133 and 91.
7
What is the greatest common factor of 28 and 5999?
7
What is the greatest common factor of 96 and 304?
16
What is the highest common factor of 169 and 65?
13
Calculate the greatest common divisor of 13740 and 60.
60
What is the highest common factor of 441 and 63?
63
Calculate the greatest common divisor of 621 and 161.
23
Calcul